{"id":367,"date":"2021-09-01T17:47:18","date_gmt":"2021-09-01T15:47:18","guid":{"rendered":"http:\/\/pksjeu.opatovska.sk\/?page_id=367"},"modified":"2025-11-04T10:35:19","modified_gmt":"2025-11-04T08:35:19","slug":"spominame","status":"publish","type":"page","link":"https:\/\/pksj.opatovska.sk\/?page_id=367","title":{"rendered":"Spom\u00edname"},"content":{"rendered":"\n<p><\/p>\n\n\n\n<p>100 rokov od narodenia americk\u00e9ho prozaika Williama Styrona \u2013 11. 6. 1925<\/p>\n\n\n\n<p>100 rokov od narodenia slovensk\u00e9ho spisovate\u013ea Vladim\u00edra Ferka  \u2013 10. 8. 1925<\/p>\n\n\n\n<p>100 rokov od narodenia americk\u00e9ho b\u00e1snika Allena Ginsberga &#8211; 3. 6. 1926<\/p>\n\n\n\n<p>120 rokov od narodenia slovensk\u00e9ho spisovate\u013ea Franti\u0161ka He\u010dka &#8211; 10. 6. 1905<\/p>\n\n\n\n<p>120 rokov od narodenia slovensk\u00e9ho spisovate\u013ea Rudolfa Dilonga &#8211; 1. 8. 1905<\/p>\n\n\n\n<p>210 rokov od narodenia a 170 rokov od \u00famrtia \u013dudov\u00edta \u0160t\u00fara &#8211; 28. 10. 1815 &#8211; 12. 10. 1856<\/p>\n\n\n\n<p><\/p>\n\n\n\n<p><\/p>\n","protected":false},"excerpt":{"rendered":"<p>100 rokov od narodenia americk\u00e9ho prozaika Williama Styrona \u2013 11. 6. 1925 100 rokov od narodenia slovensk\u00e9ho spisovate\u013ea Vladim\u00edra Ferka \u2013 10. 8. 1925 100 rokov od narodenia americk\u00e9ho b\u00e1snika Allena Ginsberga &#8211; 3. 6. 1926 120 rokov od narodenia slovensk\u00e9ho spisovate\u013ea Franti\u0161ka He\u010dka &#8211; 10. 6. 1905 120 rokov od narodenia slovensk\u00e9ho spisovate\u013ea Rudolfa [&hellip;]<\/p>\n","protected":false},"author":2,"featured_media":0,"parent":0,"menu_order":10,"comment_status":"closed","ping_status":"closed","template":"","meta":{"footnotes":""},"class_list":["post-367","page","type-page","status-publish","hentry"],"_links":{"self":[{"href":"https:\/\/pksj.opatovska.sk\/index.php?rest_route=\/wp\/v2\/pages\/367","targetHints":{"allow":["GET"]}}],"collection":[{"href":"https:\/\/pksj.opatovska.sk\/index.php?rest_route=\/wp\/v2\/pages"}],"about":[{"href":"https:\/\/pksj.opatovska.sk\/index.php?rest_route=\/wp\/v2\/types\/page"}],"author":[{"embeddable":true,"href":"https:\/\/pksj.opatovska.sk\/index.php?rest_route=\/wp\/v2\/users\/2"}],"replies":[{"embeddable":true,"href":"https:\/\/pksj.opatovska.sk\/index.php?rest_route=%2Fwp%2Fv2%2Fcomments&post=367"}],"version-history":[{"count":6,"href":"https:\/\/pksj.opatovska.sk\/index.php?rest_route=\/wp\/v2\/pages\/367\/revisions"}],"predecessor-version":[{"id":19462,"href":"https:\/\/pksj.opatovska.sk\/index.php?rest_route=\/wp\/v2\/pages\/367\/revisions\/19462"}],"wp:attachment":[{"href":"https:\/\/pksj.opatovska.sk\/index.php?rest_route=%2Fwp%2Fv2%2Fmedia&parent=367"}],"curies":[{"name":"wp","href":"https:\/\/api.w.org\/{rel}","templated":true}]}}