{"id":23,"date":"2017-09-09T09:22:35","date_gmt":"2017-09-09T07:22:35","guid":{"rendered":"http:\/\/pksjeu.opatovska.sk\/?page_id=23"},"modified":"2025-10-29T10:59:33","modified_gmt":"2025-10-29T08:59:33","slug":"novinky","status":"publish","type":"page","link":"https:\/\/pksj.opatovska.sk\/?page_id=23","title":{"rendered":"Kr\u00fa\u017eky"},"content":{"rendered":"<p style=\"text-align: left;\">Aj v tomto \u0161kolskom roku bude fungova\u0165 <strong>\u017eurnalistick\u00fd kr\u00fa\u017eok\u00a0<\/strong>pod veden\u00edm p. u\u010dite\u013eky D\u00e1\u0161e Juhanovej.<\/p>\n<p>&nbsp;<\/p>\n<p>Okrem filmovo-divadeln\u00e9ho kr\u00fa\u017eku bud\u00fa v \u0161kolskom roku 2025\/2026 pracova\u0165 aj <strong>Kr\u00fa\u017eky slovensk\u00e9ho jazyka a literat\u00fary\u00a0<\/strong>(pr\u00edprava na maturitu).<\/p>\n\n\n<p><\/p>\n","protected":false},"excerpt":{"rendered":"<p>Aj v tomto \u0161kolskom roku bude fungova\u0165 \u017eurnalistick\u00fd kr\u00fa\u017eok\u00a0pod veden\u00edm p. u\u010dite\u013eky D\u00e1\u0161e Juhanovej. &nbsp; Okrem filmovo-divadeln\u00e9ho kr\u00fa\u017eku bud\u00fa v \u0161kolskom roku 2025\/2026 pracova\u0165 aj Kr\u00fa\u017eky slovensk\u00e9ho jazyka a literat\u00fary\u00a0(pr\u00edprava na maturitu).<\/p>\n","protected":false},"author":1,"featured_media":0,"parent":0,"menu_order":0,"comment_status":"closed","ping_status":"open","template":"","meta":{"footnotes":""},"class_list":["post-23","page","type-page","status-publish","hentry"],"_links":{"self":[{"href":"https:\/\/pksj.opatovska.sk\/index.php?rest_route=\/wp\/v2\/pages\/23","targetHints":{"allow":["GET"]}}],"collection":[{"href":"https:\/\/pksj.opatovska.sk\/index.php?rest_route=\/wp\/v2\/pages"}],"about":[{"href":"https:\/\/pksj.opatovska.sk\/index.php?rest_route=\/wp\/v2\/types\/page"}],"author":[{"embeddable":true,"href":"https:\/\/pksj.opatovska.sk\/index.php?rest_route=\/wp\/v2\/users\/1"}],"replies":[{"embeddable":true,"href":"https:\/\/pksj.opatovska.sk\/index.php?rest_route=%2Fwp%2Fv2%2Fcomments&post=23"}],"version-history":[{"count":12,"href":"https:\/\/pksj.opatovska.sk\/index.php?rest_route=\/wp\/v2\/pages\/23\/revisions"}],"predecessor-version":[{"id":19404,"href":"https:\/\/pksj.opatovska.sk\/index.php?rest_route=\/wp\/v2\/pages\/23\/revisions\/19404"}],"wp:attachment":[{"href":"https:\/\/pksj.opatovska.sk\/index.php?rest_route=%2Fwp%2Fv2%2Fmedia&parent=23"}],"curies":[{"name":"wp","href":"https:\/\/api.w.org\/{rel}","templated":true}]}}