{"id":19441,"date":"2025-11-03T09:23:39","date_gmt":"2025-11-03T07:23:39","guid":{"rendered":"https:\/\/pksj.opatovska.sk\/?page_id=19441"},"modified":"2025-11-03T11:27:08","modified_gmt":"2025-11-03T09:27:08","slug":"konzultacne-hodiny-3","status":"publish","type":"page","link":"https:\/\/pksj.opatovska.sk\/?page_id=19441","title":{"rendered":"Konzulta\u010dn\u00e9 hodiny"},"content":{"rendered":"\n<figure class=\"wp-block-table\"><table class=\"has-fixed-layout\"><tbody><tr><td>RNDr. Agnesa Feh\u00e9rov\u00e1<\/td><td>streda, 0. VH<\/td><\/tr><tr><td>Mgr. Zdenka Geregov\u00e1<\/td><td>utorok, 0. VH<\/td><\/tr><tr><td>PhDr. Monika Hub\u00e1\u010dekov\u00e1<\/td><td>piatok, 7. VH<\/td><\/tr><tr><td>PhDr. Zuzana Istv\u00e1nov\u00e1<\/td><td>\u0161tvrtok, 7. VH<\/td><\/tr><tr><td>Mgr. Adriana Ivankov\u00e1<\/td><td>utorok, 8. VH<\/td><\/tr><tr><td>Mgr. D\u00e1\u0161a Juhanov\u00e1<\/td><td>\u0161tvrtok, 0. VH<\/td><\/tr><tr><td>Mgr. Vikt\u00f3ria Melikantov\u00e1<\/td><td>streda, 7. VH<\/td><\/tr><tr><td>Mgr. Jana Sidorov\u00e1<\/td><td>\u0161tvrtok, 8. VH<\/td><\/tr><tr><td>Mgr. Lenka \u0160migallov\u00e1<\/td><td>utorok, 0. VH<\/td><\/tr><\/tbody><\/table><\/figure>\n\n\n\n<p><\/p>\n","protected":false},"excerpt":{"rendered":"<p>RNDr. Agnesa Feh\u00e9rov\u00e1 streda, 0. VH Mgr. Zdenka Geregov\u00e1 utorok, 0. VH PhDr. Monika Hub\u00e1\u010dekov\u00e1 piatok, 7. VH PhDr. Zuzana Istv\u00e1nov\u00e1 \u0161tvrtok, 7. VH Mgr. Adriana Ivankov\u00e1 utorok, 8. VH Mgr. D\u00e1\u0161a Juhanov\u00e1 \u0161tvrtok, 0. VH Mgr. Vikt\u00f3ria Melikantov\u00e1 streda, 7. VH Mgr. Jana Sidorov\u00e1 \u0161tvrtok, 8. VH Mgr. Lenka \u0160migallov\u00e1 utorok, 0. VH<\/p>\n","protected":false},"author":6,"featured_media":0,"parent":16,"menu_order":0,"comment_status":"closed","ping_status":"closed","template":"","meta":{"footnotes":""},"class_list":["post-19441","page","type-page","status-publish","hentry"],"_links":{"self":[{"href":"https:\/\/pksj.opatovska.sk\/index.php?rest_route=\/wp\/v2\/pages\/19441","targetHints":{"allow":["GET"]}}],"collection":[{"href":"https:\/\/pksj.opatovska.sk\/index.php?rest_route=\/wp\/v2\/pages"}],"about":[{"href":"https:\/\/pksj.opatovska.sk\/index.php?rest_route=\/wp\/v2\/types\/page"}],"author":[{"embeddable":true,"href":"https:\/\/pksj.opatovska.sk\/index.php?rest_route=\/wp\/v2\/users\/6"}],"replies":[{"embeddable":true,"href":"https:\/\/pksj.opatovska.sk\/index.php?rest_route=%2Fwp%2Fv2%2Fcomments&post=19441"}],"version-history":[{"count":3,"href":"https:\/\/pksj.opatovska.sk\/index.php?rest_route=\/wp\/v2\/pages\/19441\/revisions"}],"predecessor-version":[{"id":19456,"href":"https:\/\/pksj.opatovska.sk\/index.php?rest_route=\/wp\/v2\/pages\/19441\/revisions\/19456"}],"up":[{"embeddable":true,"href":"https:\/\/pksj.opatovska.sk\/index.php?rest_route=\/wp\/v2\/pages\/16"}],"wp:attachment":[{"href":"https:\/\/pksj.opatovska.sk\/index.php?rest_route=%2Fwp%2Fv2%2Fmedia&parent=19441"}],"curies":[{"name":"wp","href":"https:\/\/api.w.org\/{rel}","templated":true}]}}